 Let a(q) be the third derivative of -q**5/60 + 7*q**4/24 - 5*q**3/6 - 9*q**2. Determine a(g).
-5
Let u(s) = -s**3 + 2*s**2 + 9*s + 1. Suppose 36 = 18*q - 12*q. Let b(o) = o**3 - 2*o**2 - 8*o - 1. Let h(c) = q*b(c) + 5*u(c). Give h(4).
19
Let j(z) = -z**3 + 20*z**2 + 20*z + 29. Let c(g) = -g**3 - 32*g**2 - 59*g + 51. Let v be c(-30). Calculate j(v).
8
Let s(l) = -6*l**3 + l**2 + 6*l - 4. Suppose 6*y - 9*y + 12 = 0. Let i be s(y). Let j be (i/203)/(0 - (-4)/(-14)). Let p(f) = f**2 - 8*f + 4. Give p(j).
-8
Let c(l) = l**3 + 18*l**2 - l - 21. Let k(r) = -r**3 - 8*r**2 - 29*r - 88. Let m be k(-5). Give c(m).
-3
Suppose 0 = 4*t + 4*x - 4, 2*t + 11*x - 10 = 13*x. Let r(u) = -1339*u + 7 - 2*u**2 + 2678*u - 1344*u + u**t. Determine r(3).
1
Suppose 8*i + 861 = -107. Let m = 125 + i. Let n(q) = q - 3. Calculate n(m).
1
Suppose 42 = 48*n - 55*n. Let m(h) = -14*h**2 + 21*h + 11. Let y(i) = -5*i**2 + 7*i + 4. Let r = 14 - 8. Let u(x) = r*m(x) - 17*y(x). Calculate u(n).
-8
Let v be (4 - 5 - -3)/1. Let g(c) = 11*c**2 + v*c - 27*c**2 + 14*c**2. Calculate g(-2).
-12
Let z(v) be the second derivative of -v**7/2520 + 11*v**4/6 - v. Let h(l) be the third derivative of z(l). Determine h(1).
-1
Let n(x) = -x**3 - 27*x**2 + 24*x - 107. Let q be n(-28). Let t(s) = -10 - 16 + 43 + 4*s - q*s - 19. Give t(5).
-7
Let t = 34 + -32. Suppose t*r - 6 = -0*r. Let j(z) = 4*z**r + 6 + z + 5*z**2 + 0 + 0 - 5*z**3. Calculate j(5).
11
Let m(g) = -g**3 - 2*g**2 - 3*g - 18. Let h be m(-3). Let p be (h - -12)/(-1) + (0 - 0). Let c be (5 - 1)*(-6)/p. Let w(l) = -l**3 - l**2 + 4*l - 3. Give w(c).
-7
Suppose -3*r - 3*p - 1646 = -1682, 5*r = -4*p + 62. Let j(v) = 2*v - 29. Calculate j(r).
-1
Let t = 1819 + -1826. Let i(d) be the first derivative of -3*d**2/2 - 10*d + 30. Give i(t).
11
Let y(o) = 0*o - 6 + 17*o - 8*o - 7*o. Let x be (1 - (-1 - 1)) + 1. Determine y(x).
2
Suppose 2*v - 1 = -5*l + 27, -4*l + 21 = 3*v. Let g(i) = -i + 16. Let o be (-6*(-8)/48)/((-2)/(-8)). Let y(a) = a - 18. Let n(t) = o*y(t) + 5*g(t). Give n(l).
2
Let q be -7*(-7 - 7 - 3). Let y = 118 - q. Let p(w) = 6*w**2. Give p(y).
6
Let g(r) be the second derivative of r**5/5 + 31*r**3/6 - 31*r**2/2 - 1152*r + 2. Give g(1).
4
Let w(d) = -305 - 296 + 1224 + 5*d - d**3 - 307 + 4*d**2 - 304. Give w(5).
12
Let r(g) be the third derivative of -g**6/60 + 13*g**5/30 - 13*g**4/12 + 23*g**3/6 + 3991*g**2. Calculate r(12).
-1
Let w(b) be the third derivative of b**6/120 + 7*b**5/60 + b**4/8 - 11*b**3/6 + 5143*b**2. Determine w(-7).
-32
Suppose -51 = 21*j - 38*j. Let l(u) = -5*u - 11*u - 10 - 2*u - 7*u - u**j + 16*u - 8*u**2. Determine l(-7).
4
Let v(k) = -k + 21. Suppose t - 27 = h, -t = -2*t - 2*h + 24. Give v(t).
-5
Let a(g) = -g**3 - 5*g**2 + 159*g - 82. Let y be a(10). Let s(x) = 5*x + 2. Let r(c) = c - 1. Let i(d) = 2*r(d) + s(d). Give i(y).
56
Let a = -2 - -6. Suppose 2*x - a*x = 0. Let l(s) be the first derivative of s**3/3 + 4*s - 89. Determine l(x).
4
Suppose a + 3*a + 2*u - 2 = 0, 0 = 3*u + 3. Let h(m) = 946*m**2 + 0 + a - m - 950*m**2 - m**3. Determine h(-4).
5
Let m(z) = -z + 6. Let x(v) = 11*v + 80. Let q be x(-7). Suppose q*s + 0*s = 9. Calculate m(s).
3
Let l(o) = -293 + 99 + 99 + 95 + 3*o. Determine l(-1).
-3
Suppose -26 = -3*o - 4*y, o - 10 = 2*y - 18. Let d(t) = 10 - 158*t**3 + 6 - 3 - 5*t**o + 159*t**3. Calculate d(4).
-3
Let p(c) = 19*c - 71. Suppose 4*d = -3*g - 8, -5*g = -9*g - 3*d + 1. Give p(g).
5
Let i be (-1)/(1/(-4)) - (-24 + 22). Let j(k) = 5 + 0 + k - i. What is j(1)?
0
Suppose 49 = 5*t + 5*f - 8*f, 0 = -2*t - 4*f + 4. Let u(v) = -7*v**2 - 406*v + 206*v - t + 198*v - v**3. Suppose 0 = 2*p + 2*p + 28. Calculate u(p).
6
Suppose -2*n - 2*j = 0, -5*n + 3*j + 194 = 178. Let f(y) = -5*y**2 + 2*y - 2. What is f(n)?
-18
Let b = -27 + 66. Let h = 496 - 496. Suppose h = 16*d - 3*d - b. Let a(x) = 2*x**2 - 2*x - 4. What is a(d)?
8
Let o(c) = -7*c**2 + 0 - 2 + 3 + c. Suppose 92*u - 54*u + 38 = 0. Give o(u).
-7
Let w(x) = -2*x**2 - 1671*x - 6650. Let o be w(-4). Let a(k) be the third derivative of -k**6/60 + k**5/15 - k**4/6 + k**3/2 + k**2. Determine a(o).
-5
Suppose -5*n = 2*k - 13, -3*n + 2*k + 3*k + 14 = 0. Suppose z - 7 = 2*c, n*c = z + 6 - 14. Let s(v) = 22*v**2 - v - 1. Calculate s(c).
22
Let o = -108 - -103. Let x(r) = 22*r**3 - r**2 - 5*r - 7. Let y(q) = 11*q**3 - q**2 - 3*q - 4. Let s(a) = o*y(a) + 3*x(a). Let v = 1 - 2. Give s(v).
-10
Let r(q) = -12*q - 19. Let t = -77 + 82. Let f(l) = 7*l + 10. Let y(w) = t*f(w) + 3*r(w). Determine y(-3).
-4
Let f(a) = 19932*a - 113 + a**2 - 39899*a + 19939*a. Determine f(31).
-20
Let j(t) = -61*t**3 - 3*t**2 + 2*t. Let q be j(1). Let d = q + 67. Let w(s) = -s**2 + 2*s + 1. What is w(d)?
-14
Let c(i) be the third derivative of i**4/24 - i**3/2 + 2*i**2. Suppose 0*g + 3*g - 486 = -3*q, q - g - 158 = 0. Let z = q + -157. Determine c(z).
0
Suppose -4*s = 6*s - 5470. Suppose -13*d - 545 = s. Let a = 88 + d. Let j(z) = z**3 - 3*z**2 - 3*z + 1. Give j(a).
5
Let w = 393 - 381. Let n(h) = h**2 - 10*h + 13. What is n(w)?
37
Suppose 88 = 3*c - 4*y + 5, 2*c - 54 = 3*y. Let t(a) = c*a - 69*a + 44*a - 1. Give t(2).
15
Let p = -362 + -184. Let u be p/52 + 2/(-4). Let n(x) = -x - 9. Calculate n(u).
2
Let f = -105 - -152. Let q = -44 + f. Let a(g) = g**q - 3*g + 6*g - 2*g**2 - 2*g - 6*g**3. Calculate a(1).
-6
Let n(a) = a**2 + 7*a + 1. Let h be n(-6). Suppose -6 = o + 5*u - 41, -4*u = -5*o + 175. Let x(j) = 2*j - o + 41 + j**2 - 3*j + 8*j. Determine x(h).
-4
Let u(v) be the second derivative of -11*v**3/6 - 7*v**2/2 + v + 5. Let h(k) = -7*k - 4. Let d(b) = -5*h(b) + 3*u(b). Determine d(2).
3
Suppose 0 = -14*t + 215 - 1601. Let w = -92 - t. Let m(d) = -3*d**2 + 3*d - w*d**2 - d**3 - 4*d - 8*d - 6. Give m(-9).
-6
Let b(d) = 41*d + 61. Let r be b(-1). Let k(y) = 113*y + 35 + 118*y + 113*y + 120*y - 466*y. Determine k(r).
-5
Let k be -1 + 5/3 - 1960/(-12). Let p(f) = -21*f**3 + 173 - 338 + f + k. Determine p(1).
-21
Let t(d) = -d**3 + 6*d**2 + 6*d + 9. Let w(m) = m**2 - m - 2. Let x be w(-1). Suppose -6*i - i = x. Suppose p = 4*l - 13, -41 = -3*p - 4*l - i*l. What is t(p)?
2
Suppose z - 21 - 7 = -21. Let q(h) be the second derivative of -h**5/20 + 7*h**4/12 + h**3/6 + 5*h**2 - 15*h. Calculate q(z).
17
Suppose -8*b + 16*b = -2*b - 20. Let s(m) = -3*m**3 + 5*m**2 + 3*m. Determine s(b).
38
Let u(p) be the second derivative of -p**3/3 - 5*p**2/2 - p - 4. Calculate u(-5).
5
Let r(y) = -1870*y + 3729*y + 1 - 1865*y. Suppose -5*v + 2*i = -15, -17 = -v + 5*i + 9. What is r(v)?
-5
Suppose -8*b + 40 = -8. Let j(d) be the second derivative of d**4/12 - 4*d**3/3 + 9*d**2/2 - 270*d. Determine j(b).
-3
Let y be -11 + (-1)/(-4)*-4. Let n be (-3)/y*4 - 35/7. Let a(f) be the third derivative of -f**6/120 - f**5/30 + 7*f**4/24 + f**3 - f**2. Determine a(n).
10
Let c(m) = 21 - 13 + 229*m - 236*m - 13. Determine c(-1).
2
Let r(h) be the first derivative of -h**4/4 + 8*h**3/3 - h**2/2 - h + 42. Suppose 29 + 59 = 11*t. Give r(t).
-9
Let x(r) = -2*r**2 - 258*r - 1000. Let l be x(-4). Let z(s) = -s**3 + 2*s**2 + s + 45. Calculate z(l).
45
Let m(q) = q**2 + q. Let g(b) = -b**3 + b**2 + 6*b + 6. Let n(c) = g(c) - 4*m(c). What is n(-3)?
0
Let m(b) = -2*b + 13. Let w(g) = -6*g + 25. Let v(r) = -5*m(r) + 2*w(r). Let x be v(-4). Let p(i) = -i. What is p(x)?
7
Let o(c) = -c**2 + 43*c + 537. Let r(n) = -n**2 - 58*n + 2174. Let y be r(-84). What is o(y)?
7
Let l(o) = o**2 + 8*o + 6. Let s be 637/21 - (-4)/6. Let j(v) = 2*v + 57. Let q be j(-26). Suppose s = -q*u + a, -u = 4*a + 26 - 3. Give l(u).
-1
Suppose -15*z + 167 - 306 + 169 = 0. Let d(l) be the second derivative of 1/2*l**z - 1/6*l**3 + 0 - 31*l. Determine d(3).
-2
Let g(u) = 0*u**2 + 5 - u**2 - 228*u + 219*u. Calculate g(-9).
5
Let u(d) = -45*d**2 + 98*d + 6. Let y(n) = 9*n**2 - 18*n - 1. Let f(j) = -2*u(j) - 11*y(j). What is f(-2)?
-41
Let z(s) be the third derivative of -5/8*s**4 + 0*s - 50 + s**2 + 1/6*s**3. Calculate z(1).
-14
Suppose 5 = n, 1 = s + 4*n - 21. Let a(y) = -7 - 7*y + 47*y**3 - 48*y**3 + y + 0 - 7*y**s. Give a(-6).
-7
Let a(w) be the third derivative of -w**4/24 + 11*w**3/2 + 572*w**2. Determine a(26).
7
Let l(k) = -2*k**3 + 11*k**2 - 3*k - 7. Let a be l(5). Let u(i) = 7*i**3 - 2*i**3 - 4*i + i - 4*i**a + i**2 + 2. Let f = 4 + -2. What is u(